 + 6*x - 1. Let d be r(j). Let w(t) = t**2 + 6*t - 6. Is w(d) composite?
True
Suppose v - 16 = 5*v. Let i = 35 + v. Is i a prime number?
True
Suppose 5*q = 26 + 34. Suppose 0*i + q = 4*i. Suppose z = i*o + 22, -3*z - 4*o + 149 - 18 = 0. Is z a prime number?
True
Let a = -815 - -2472. Is a composite?
False
Let g = 192 - 97. Is g a prime number?
False
Suppose 5*l - 2*l - 15 = 0. Suppose 3*x - 349 = -x + o, -3*x + 266 = -l*o. Is x prime?
False
Let d = 52 - 128. Let b = d - -169. Is b prime?
False
Suppose n + 316 = 3*n. Is n a composite number?
True
Let f(c) = -23*c - 22. Is f(-9) composite?
True
Let v(f) = f**3 + 10*f**2 - f - 8. Let s be v(-10). Let z be s/(-3 - -2) - -26. Suppose 0 = y - 29 - z. Is y a composite number?
False
Suppose i - 3*x = -11, 2*i - 5*x = -i - 45. Let v = i + 32. Let w = 31 - v. Is w composite?
False
Let h(m) = 3*m**3 - 3*m**2 + 6*m - 3. Let q be h(2). Is ((-412)/(-6))/(14/q) a composite number?
False
Suppose -6*g = -0*g - 37266. Is g a composite number?
False
Let y(w) = -33*w - 12. Is y(-3) a prime number?
False
Let b(d) = -d**3 - 18*d**2 - 12*d - 25. Is b(-18) a prime number?
True
Let n(k) = k**3 - 7*k**2 - 3*k - 1. Is n(8) a composite number?
True
Let u be -3 - -5*2 - 2. Suppose -6*t + 78 = 2*l - 2*t, -u*l = -5*t - 135. Is l prime?
True
Suppose -89 - 51 = 4*b. Is 4/(-6) - b/3 prime?
True
Suppose 2*y = 0, -7*f + 2*f = -y + 925. Let b = f - -350. Let z = b + -4. Is z a composite number?
True
Suppose -5*u = -10, 4*c - 4*u - 97 = 163. Is c a composite number?
False
Suppose 2*q + 3 = 11. Let a = q + -3. Is -2 - (a*-2 + -3) prime?
True
Suppose -1104 = -6*z + 234. Is z composite?
False
Let i(b) = 2*b - 5. Let l be i(4). Suppose l*y - 10 = -2*y. Suppose -y*g + 2 = -2. Is g a composite number?
False
Suppose -n + 6*n = 5. Suppose -4*y - n = -13. Suppose z - y*z = -26. Is z prime?
True
Suppose 3*g + 2*u = 5*g - 1182, -4*u - 1190 = -2*g. Is g prime?
True
Suppose 5*d = -37 + 7. Is ((-9)/(-6))/(d/(-1588)) a prime number?
True
Let y = -141 - -388. Is y prime?
False
Let f(g) = -g**2 - 3 - 6 + 4*g - 2*g**2 - 2*g**2 + g**3. Is f(6) prime?
False
Let t(x) = 78*x + 7. Is t(7) prime?
False
Is (-1 - 0)*(8 - 90) a composite number?
True
Suppose -y + 5*y = 24. Suppose -4*h = -y*h + 8. Suppose 5*m - 2*i - 463 = 0, -m = -h*m + i + 277. Is m composite?
True
Suppose -4*g = -0*g - 2980. Suppose -6*m + g = -m. Is m a prime number?
True
Let g be (-24)/(-56) - 109/(-7). Is 2324/g + (-2)/8 a composite number?
True
Suppose 46 = -5*y - b, -2*y - 32 = y + 5*b. Is 688/6 - 3/y a prime number?
False
Let b = 99 - 48. Is b a composite number?
True
Suppose 5*v - l = -6*l - 20, 8 = -2*l. Let m = v - -11. Is m a prime number?
True
Suppose 2*a = -a. Suppose a = v + 5, -5*i + i + v + 77 = 0. Let c = i - 5. Is c composite?
False
Suppose l + 4*f + 11 = 0, -f - 2*f - 9 = 0. Let u = l - -1. Suppose 2*d = -3*g - 3*d + 117, u*d = -3*g + 117. Is g prime?
False
Suppose -f + 0 = -50. Let z be f/(-4)*(-160)/25. Suppose -4*u = -2*j + 70, -2*j = u - 0*u - z. Is j composite?
True
Let k be 2/7 + (-84)/(-49). Suppose -5*h + 122 = k*t, 2*t + t - 4*h = 137. Is t a prime number?
False
Suppose 11 = -5*z - 4. Let w be z/9 - 46/6. Let t(j) = 2*j**2 + 9*j - 1. Is t(w) prime?
False
Is 3*-97*6/(-9) composite?
True
Suppose 0 = -3*t - 3*z + 6, -8*t + 3*t - 3*z = -18. Let n = t - -1. Is n a prime number?
True
Let j(x) be the second derivative of x**5/10 - x**4/12 + x**3/2 - x**2/2 + 2*x. Suppose 0 = -5*v - 5*i + 35, -2*v + v = -5*i + 17. Is j(v) a prime number?
True
Is 1 - -44*(-5)/(-2) a prime number?
False
Is 439/3*(17 - -4) a prime number?
False
Suppose 2*t - 185 = -3*t. Is t prime?
True
Let m = -8 + 16. Is ((-298)/8)/((-2)/m) a prime number?
True
Let o be (-36)/48 + 22/8. Let i(k) = 14*k**3 - 2*k**2 + 4*k - 3. Is i(o) composite?
False
Suppose 0*o - 3*q - 220 = -o, -4*q - 665 = -3*o. Is o a composite number?
False
Let l(y) = -18*y. Let d be l(-1). Let c be (1 - d/4)*2. Is c/(-3) + 3/(-9) a prime number?
True
Let h(d) = d**3 + 9*d**2 + 6*d + 8. Let f be h(-9). Let p = f + 92. Is p composite?
True
Let k(b) be the second derivative of 0 - 3*b + 7/2*b**2 + 1/2*b**3. Is k(8) prime?
True
Suppose 0 = -3*z + 4 + 2. Suppose -z*f - 16 = -5*m, m = 3*m - 8. Suppose -42 = -w - f*w. Is w composite?
True
Let v(r) = -7*r - 2. Let b be v(-5). Suppose 234 = 3*z + b. Is z a prime number?
True
Let l(r) = 91*r + 12. Let y(c) = 2*c + 1. Let w be y(2). Is l(w) prime?
True
Let v = 7 - 5. Suppose 3*s - a = 43, -2*s + a + v*a + 24 = 0. Is s composite?
True
Let h(u) = -57*u - 13. Is h(-6) a prime number?
False
Let m(y) = -y**2 + 4*y + 3. Let l be m(4). Suppose 5*a = l*a + 38. Is a prime?
True
Suppose 2*j - 4*d - 2036 = 0, j = -0*j + 3*d + 1017. Let k = j + -673. Is k prime?
True
Let h(r) = -r**3 - 9*r**2 - 2*r - 3. Let n be h(-5). Let o = 130 + n. Is o composite?
False
Suppose -5*h = 4*p + 157 - 572, 4*h - 338 = -2*p. Is h a composite number?
True
Let o = -10 - -6. Is (-9)/12 + (-1031)/o composite?
False
Suppose 3*a + f - 4687 = 0, -16*a + 11*a + 2*f + 7797 = 0. Is a a composite number?
True
Suppose 25*g - 22*g = 5127. Is g composite?
False
Let v = -9 - -22. Suppose q - v = -2. Is q a composite number?
False
Let k be 1908/15 - (-3)/(-15). Suppose 4*m - k = 85. Is m a composite number?
False
Let y(c) = 15*c + 8. Let p(x) = 29*x + 17. Let i(w) = -3*p(w) + 7*y(w). Is i(5) a prime number?
False
Suppose -3*u - 2*u = 10. Let t = u + 4. Is ((-1)/(-3))/(t/18) a prime number?
True
Suppose 0 = o - 2. Let v = 8 - 7. Is 158/(v/1*o) a prime number?
True
Suppose -8 = 4*t, -4*k + 18 = -4*t + 5*t. Suppose -65 = -5*x + 5*j, -2*x - k*j = x - 15. Is x a composite number?
True
Suppose 0 = -4*v + 3*v + 631. Is v a prime number?
True
Let b(r) = r**3 + r - 42. Suppose 4*a - 2*a = 0. Let g be b(a). Let u = 137 + g. Is u a composite number?
True
Suppose 0 = 8*p - 10*p + 338. Is p prime?
False
Is (-4)/20*(4890/(-2))/3 a composite number?
False
Let h(n) = n + 4. Let s be h(-6). Let b be 1 + -12*(s + 3). Let i = -7 - b. Is i prime?
False
Let u = 10 + -7. Suppose u*n = -n + 148. Is n composite?
False
Suppose i = 2*w + 79, -161 - 162 = -4*i + w. Let o = i - 44. Is o a prime number?
True
Let l = 4 - 3. Suppose -2*o + 3*i - 283 = 0, -o + 0*o = 4*i + 158. Is o/(-4) + l/2 prime?
True
Suppose u = -u + 10. Suppose -2*i - 9 = -3, 0 = -4*s + u*i + 39. Is s a composite number?
True
Let y be 2 - 2 - (-4 + -5). Let p(k) = k**2 + k + 9. Let g be p(y). Let c = 4 + g. Is c a composite number?
False
Let k(b) = 12*b**3 - 3*b + 1. Suppose 0 = -4*n - 3*d + 5*d, 5*n - 3*d + 2 = 0. Is k(n) prime?
False
Let m(f) = -f - 1. Let d be m(-4). Suppose 2*n - 1 = d. Is (n + 32)*1 + 1 a composite number?
True
Let k be (-18)/7 + (-16)/(-28). Let m(w) be the third derivative of -w**6/60 - w**5/60 + w**4/8 + w**3/6 + w**2. Is m(k) a composite number?
False
Let n(w) = 1363*w**2 + 5*w - 7. Is n(1) composite?
False
Let z(s) = 21*s**2 - 10*s. Is z(-7) a composite number?
True
Let p be (4/12)/(2/24). Suppose -3*c + 2*d = -p*c + 239, 5*d + 260 = c. Suppose 5*k - c = -0*k. Is k a composite number?
True
Suppose r - 157 = 3*w, 5*w = -r + 5*r - 642. Is r a prime number?
True
Let y(o) = 2*o + o - 4*o. Let b be y(-8). Is (-3)/2 + 628/b a composite number?
True
Suppose -4*r = -r + 2*x - 905, -4*r = x - 1205. Is r prime?
False
Let x(f) = -4*f + 39. Is x(-22) a prime number?
True
Let u(i) = i**3 + 5*i**2 + i + 5. Let k be u(-5). Suppose k*f = f - 87. Is f composite?
True
Let m = -27 - -19. Let z(y) = -28*y + 11. Let j be z(m). Suppose j = -0*b + 5*b. Is b a composite number?
False
Suppose 4*g + 3 = 7. Let r = 3 - g. Suppose 2*b = -0*b - 5*d + 66, -4*b - r*d = -132. Is b composite?
True
Suppose 40 + 5 = l. Suppose 0 - 4 = -z. Suppose -z*j = j - l. Is j composite?
True
Suppose -2*b - b = -93. Is b composite?
False
Let q be 20/(-2*1/56). Let w = q + 897. Is w a composite number?
False
Suppose 2*n - 5*p - 492 = 0, 9*n + 5*p = 4*n + 1265. Is n composite?
False
Let a(j) = j**2 - 10*j. Let q be a(10). Suppose q = -f + 1, 0 = -p + 6*f - 5*f + 210. Is p prime?
True
Let t(m) = m + 0 - 1 - 5*m - m. Is t(-3) prime?
False
Suppose 2*j = 2*c + 584, 4*j - 1918 + 751 = 5*c. Is j a prime number?
True
Let r(p) = -p + 11. Let f be r(12). Let u = 11 + f. Is u composite?
True
Suppose 7*u - 60 = 3*u. Let y = u